{"id":22433,"date":"2020-07-15T15:26:28","date_gmt":"2020-07-15T18:26:28","guid":{"rendered":"http:\/\/www.muvh.gov.py\/?page_id=22433"},"modified":"2020-07-15T15:26:28","modified_gmt":"2020-07-15T18:26:28","slug":"balance-anual-de-gestion-publica","status":"publish","type":"page","link":"https:\/\/www.muvh.gov.py\/mecip\/balance-anual-de-gestion-publica\/","title":{"rendered":"Balance Anual de Gesti\u00f3n P\u00fablica"},"content":{"rendered":"<p><a href=\"https:\/\/www.muvh.gov.py\/sitio\/balance-de-gestion-2022\/\">A\u00f1o 2022<\/a><\/p>\n<p><a href=\"https:\/\/www.muvh.gov.py\/sitio\/balance-de-gestion-2021\/\">A\u00f1o 2021<\/a><\/p>\n<p><a href=\"https:\/\/www.muvh.gov.py\/sitio\/balance-de-gestion-2020\/\">A\u00f1o 2020<\/a><\/p>\n<p><a href=\"https:\/\/www.muvh.gov.py\/sitio\/recursos\/balance.pdf\">A\u00f1o 2019<\/a><\/p>\n<p><a href=\"https:\/\/www.muvh.gov.py\/sitio\/recursos\/bg2018.pdf\">A\u00f1o 2018<\/a><\/p>\n<p><a href=\"https:\/\/www.muvh.gov.py\/sitio\/recursos\/bg2017.pdf\">A\u00f1o 2017<\/a><\/p>\n<p><a href=\"https:\/\/www.muvh.gov.py\/sitio\/recursos\/bg2016.pdf\">A\u00f1o 2016<\/a><\/p>\n<p><a href=\"https:\/\/www.muvh.gov.py\/sitio\/recursos\/bg2015.pdf\">A\u00f1o 2015<\/a><\/p>\n<p><a href=\"https:\/\/www.muvh.gov.py\/sitio\/recursos\/bg2014.pdf\">A\u00f1o 2014<\/a><\/p>\n","protected":false},"excerpt":{"rendered":"<p>A\u00f1o 2022 A\u00f1o 2021 A\u00f1o 2020 A\u00f1o 2019 A\u00f1o 2018 A\u00f1o 2017 A\u00f1o 2016 A\u00f1o 2015 A\u00f1o&#8230;<\/p>\n","protected":false},"author":1,"featured_media":0,"parent":0,"menu_order":86,"comment_status":"closed","ping_status":"closed","template":"","meta":{"_acf_changed":false,"footnotes":""},"class_list":["post-22433","page","type-page","status-publish","hentry"],"acf":[],"_links":{"self":[{"href":"https:\/\/www.muvh.gov.py\/mecip\/wp-json\/wp\/v2\/pages\/22433","targetHints":{"allow":["GET"]}}],"collection":[{"href":"https:\/\/www.muvh.gov.py\/mecip\/wp-json\/wp\/v2\/pages"}],"about":[{"href":"https:\/\/www.muvh.gov.py\/mecip\/wp-json\/wp\/v2\/types\/page"}],"author":[{"embeddable":true,"href":"https:\/\/www.muvh.gov.py\/mecip\/wp-json\/wp\/v2\/users\/1"}],"replies":[{"embeddable":true,"href":"https:\/\/www.muvh.gov.py\/mecip\/wp-json\/wp\/v2\/comments?post=22433"}],"version-history":[{"count":0,"href":"https:\/\/www.muvh.gov.py\/mecip\/wp-json\/wp\/v2\/pages\/22433\/revisions"}],"wp:attachment":[{"href":"https:\/\/www.muvh.gov.py\/mecip\/wp-json\/wp\/v2\/media?parent=22433"}],"curies":[{"name":"wp","href":"https:\/\/api.w.org\/{rel}","templated":true}]}}