{"id":23426,"date":"2021-01-28T14:49:36","date_gmt":"2021-01-28T14:49:36","guid":{"rendered":"https:\/\/www.muvh.gov.py\/transparencia\/?page_id=23426"},"modified":"2026-02-24T13:24:42","modified_gmt":"2026-02-24T13:24:42","slug":"descripcion-de-los-programas","status":"publish","type":"page","link":"https:\/\/www.muvh.gov.py\/transparencia\/descripcion-de-los-programas\/","title":{"rendered":"Descripci\u00f3n de los Programas"},"content":{"rendered":"<p><a href=\"https:\/\/arai.muvh.gov.py\/index.php\/s\/BFZfRboSmYMp3jB\">Informe y Control de Evaluaci\u00f3n A\u00f1o 2026<\/a><\/p>\n<p><a href=\"https:\/\/arai.muvh.gov.py\/index.php\/s\/3xcMnMT2eot6APC\">Informe y Control de Evaluaci\u00f3n\u00a0 A\u00f1o 2025<\/a><\/p>\n<p><a href=\"https:\/\/arai.muvh.gov.py\/index.php\/s\/xwXfZKiPs9CfaPG\">Informe y Control de Evaluaci\u00f3n\u00a0 A\u00f1o 2024<\/a><\/p>\n<p><a href=\"https:\/\/arai.muvh.gov.py\/index.php\/s\/QfNzWH9Qc7bRtx6\">Informe y Control de Evaluaci\u00f3n\u00a0 A\u00f1o 2023<\/a><\/p>\n<p><a href=\"https:\/\/www.muvh.gov.py\/transparencia\/\/informe-control-y-evaluacion-2022\">Informe y Control de Evaluaci\u00f3n\u00a0 A\u00f1o 2022<\/a><\/p>\n<p><a href=\"https:\/\/www.muvh.gov.py\/transparencia\/\/informe-control-y-evaluacion-2021\">Informe y Control de Evaluaci\u00f3n\u00a0 A\u00f1o 2021<\/a><\/p>\n<p><a href=\"http:\/\/www.muvh.gov.py\/?p=22852\">Informe y Control de Evaluaci\u00f3n\u00a0 A\u00f1o 2020<\/a><\/p>\n<p><a href=\"http:\/\/www.muvh.gov.py\/?page_id=22053\">Informe y Control de Evaluaci\u00f3n\u00a0 A\u00f1o 2019<\/a><\/p>\n<p><a href=\"https:\/\/historico.muvh.gov.py\/sitio\/wp-content\/uploads\/2019\/12\/priva12-2018.pdf\">Informe y Control de Evaluaci\u00f3n\u00a0 A\u00f1o 2018<\/a><\/p>\n<p><a href=\"http:\/\/www.muvh.gov.py\/sitio\/wp-content\/uploads\/2019\/10\/PRIEVA-2017.pdf\">Informe y Control de Evaluaci\u00f3n\u00a0 A\u00f1o 2017<\/a><\/p>\n<p>&nbsp;<\/p>\n<p><a href=\"http:\/\/www.muvh.gov.py\/sitio\/wp-content\/uploads\/2019\/10\/PRIEVA-2016.pdf\">Informe y Control de Evaluaci\u00f3n\u00a0 A\u00f1o 2016<\/a><\/p>\n<p><a href=\"http:\/\/www.muvh.gov.py\/sitio\/wp-content\/uploads\/2019\/10\/PRIEVA-2015.pdf\">Informe y Control de Evaluaci\u00f3n\u00a0 A\u00f1o 2015<\/a><\/p>\n<p><a href=\"http:\/\/historico.muvh.gov.py\/sitio\/wp-content\/uploads\/2019\/10\/PRIEVA-2014.pdf\">Informe y Control de Evaluaci\u00f3n\u00a0 A\u00f1o 2014<\/a><\/p>\n<p><a href=\"http:\/\/historico.muvh.gov.py\/sitio\/wp-content\/uploads\/2019\/10\/PRIEVA-2013.pdf\">Informe y Control de Evaluaci\u00f3n\u00a0 A\u00f1o 2013<\/a><\/p>\n<p><a href=\"http:\/\/www.muvh.gov.py\/sitio\/wp-content\/uploads\/2019\/10\/PRIEVA-2012.pdf\">Informe y Control de Evaluaci\u00f3n\u00a0 A\u00f1o 2012<\/a><\/p>\n<p>&nbsp;<\/p>\n","protected":false},"excerpt":{"rendered":"<p>Informe y Control de Evaluaci\u00f3n A\u00f1o 2026 Informe y Control de Evaluaci\u00f3n\u00a0 A\u00f1o 2025 Informe y Control&#8230;<\/p>\n","protected":false},"author":1,"featured_media":0,"parent":0,"menu_order":0,"comment_status":"closed","ping_status":"closed","template":"","meta":{"footnotes":""},"class_list":["post-23426","page","type-page","status-publish","hentry"],"_links":{"self":[{"href":"https:\/\/www.muvh.gov.py\/transparencia\/wp-json\/wp\/v2\/pages\/23426","targetHints":{"allow":["GET"]}}],"collection":[{"href":"https:\/\/www.muvh.gov.py\/transparencia\/wp-json\/wp\/v2\/pages"}],"about":[{"href":"https:\/\/www.muvh.gov.py\/transparencia\/wp-json\/wp\/v2\/types\/page"}],"author":[{"embeddable":true,"href":"https:\/\/www.muvh.gov.py\/transparencia\/wp-json\/wp\/v2\/users\/1"}],"replies":[{"embeddable":true,"href":"https:\/\/www.muvh.gov.py\/transparencia\/wp-json\/wp\/v2\/comments?post=23426"}],"version-history":[{"count":21,"href":"https:\/\/www.muvh.gov.py\/transparencia\/wp-json\/wp\/v2\/pages\/23426\/revisions"}],"predecessor-version":[{"id":26250,"href":"https:\/\/www.muvh.gov.py\/transparencia\/wp-json\/wp\/v2\/pages\/23426\/revisions\/26250"}],"wp:attachment":[{"href":"https:\/\/www.muvh.gov.py\/transparencia\/wp-json\/wp\/v2\/media?parent=23426"}],"curies":[{"name":"wp","href":"https:\/\/api.w.org\/{rel}","templated":true}]}}