{"id":23592,"date":"2021-03-02T18:08:07","date_gmt":"2021-03-02T18:08:07","guid":{"rendered":"http:\/\/www.muvh.gov.py\/transparencia\/?page_id=23592"},"modified":"2026-02-24T12:11:45","modified_gmt":"2026-02-24T12:11:45","slug":"rendicion-de-cuentas","status":"publish","type":"page","link":"https:\/\/www.muvh.gov.py\/transparencia\/rendicion-de-cuentas\/","title":{"rendered":"Rendicion de cuentas"},"content":{"rendered":"<p>El nuevo modelo de rendici\u00f3n de cuentas se desarrolla en base a la metodolog\u00eda establecida en el manual aprobado por el Decreto N\u00ba 2991\/19, que encarga a las autoridades de las instituciones del Poder Ejecutivo, a impulsar actividades de rendici\u00f3n sobre su gesti\u00f3n, dirigidos al sujeto destinatario del servicio (el ciudadano), de forma sencilla, amigable y en forma constante, motivando su colaboraci\u00f3n en los procesos de toma de decisiones.<\/p>\n<p>La coordinaci\u00f3n de las acciones recae sobre el Comit\u00e9 de Rendici\u00f3n de Cuentas al Ciudadano (CRCC), instancia constituida en las instituciones, con la misi\u00f3n de elaborar el plan de rendici\u00f3n de cuentas institucional y gestionar los mecanismos necesarios para dar avances al mismo, con la colaboraci\u00f3n activa y coordinada de todos sus miembros.<\/p>\n<p>El CRCC tiene el encargo de elaborar informes parciales peri\u00f3dicos y un informe final, con sus respetivas evidencias, que se ponen a disposici\u00f3n de la ciudadan\u00eda para el libre acceso y control.<\/p>\n<p>La Contralor\u00eda General de la Rep\u00fablica es la instituci\u00f3n encargada de reglamentar y supervisar los procedimientos a fin promover el cumplimiento efectivo de las acciones de rendici\u00f3n orientados al ciudadano.<\/p>\n<h2>Rendici\u00f3n de cuentas<\/h2>\n\n<table id=\"tablepress-152\" class=\"tablepress tablepress-id-152\">\n<thead>\n<tr class=\"row-1\">\n\t<th class=\"column-1\">A\u00f1o<\/th><th class=\"column-2\">Documento<\/th><th class=\"column-3\">Descripcion<\/th><th class=\"column-4\">Ver Formato PDF<\/th><th class=\"column-5\">Ver Formato Editable<\/th>\n<\/tr>\n<\/thead>\n<tbody class=\"row-striping row-hover\">\n<tr class=\"row-2\">\n\t<td class=\"column-1\">2026<\/td><td class=\"column-2\">Ejercicio Fiscal<\/td><td class=\"column-3\">Conformaci\u00f3n de CRCC<\/td><td class=\"column-4\"><a href=\"https:\/\/arai.muvh.gov.py\/index.php\/s\/qNiX3LCj3FfcmHA\">Ver archivo<\/a><\/td><td class=\"column-5\"><\/td>\n<\/tr>\n<tr class=\"row-3\">\n\t<td class=\"column-1\">2026<\/td><td class=\"column-2\">Ejercicio Fiscal<\/td><td class=\"column-3\">Plan de Rendici\u00f3n de Cuentas al Ciudadano<\/td><td class=\"column-4\"><a href=\"https:\/\/arai.muvh.gov.py\/index.php\/s\/GfiQ9PoWofkT5wj\">Ver archivo<\/a><\/td><td class=\"column-5\"><\/td>\n<\/tr>\n<tr class=\"row-4\">\n\t<td class=\"column-1\">2026<\/td><td class=\"column-2\">Ejercicio Fiscal<\/td><td class=\"column-3\">Primer Informe Parcial (Enero - Marzo)<\/td><td class=\"column-4\"><a href=\"https:\/\/arai.muvh.gov.py\/index.php\/s\/PiietLz9Lp7Wk2o\">Ver archivo<\/a><\/td><td class=\"column-5\"><a href=\"https:\/\/arai.muvh.gov.py\/index.php\/s\/esaEnpMbR4xL4qy\">Ver archivo<\/a><\/td>\n<\/tr>\n<tr class=\"row-5\">\n\t<td class=\"column-1\">2026<\/td><td class=\"column-2\">Ejercicio Fiscal<\/td><td class=\"column-3\">Segundo Informe Parcial (Abril - Junio)<\/td><td class=\"column-4\"><\/td><td class=\"column-5\"><\/td>\n<\/tr>\n<tr class=\"row-6\">\n\t<td class=\"column-1\">2026<\/td><td class=\"column-2\">Ejercicio Fiscal<\/td><td class=\"column-3\">Tercer Informe Parcial (Julio - Setiembre)<\/td><td class=\"column-4\"><\/td><td class=\"column-5\"><\/td>\n<\/tr>\n<tr class=\"row-7\">\n\t<td class=\"column-1\">2026<\/td><td class=\"column-2\">Ejercicio Fiscal<\/td><td class=\"column-3\">Informe Final (Enero - Diciembre)<\/td><td class=\"column-4\"><\/td><td class=\"column-5\"><\/td>\n<\/tr>\n<tr class=\"row-8\">\n\t<td class=\"column-1\">2026<\/td><td class=\"column-2\">Ejercicio Fiscal<\/td><td class=\"column-3\">Documentos respaldatorios y evidencias<\/td><td class=\"column-4\"><a href=\"https:\/\/arai.muvh.gov.py\/index.php\/s\/PaEwRoHsiKdjnTc\">Ver archivo<\/a><\/td><td class=\"column-5\"><\/td>\n<\/tr>\n<\/tbody>\n<\/table>\n<!-- #tablepress-152 from cache -->\n<p>\n<table id=\"tablepress-145\" class=\"tablepress tablepress-id-145\">\n<thead>\n<tr class=\"row-1\">\n\t<th class=\"column-1\">A\u00f1o<\/th><th class=\"column-2\">Documento<\/th><th class=\"column-3\">Descripcion<\/th><th class=\"column-4\">Ver formato pdf <\/th><th class=\"column-5\">Ver formato editable <\/th>\n<\/tr>\n<\/thead>\n<tbody class=\"row-striping row-hover\">\n<tr class=\"row-2\">\n\t<td class=\"column-1\">2025<\/td><td class=\"column-2\">Ejercicio Fiscal<\/td><td class=\"column-3\">Conformaci\u00f3n de CRCC<\/td><td class=\"column-4\"><a href=\"https:\/\/arai.muvh.gov.py\/index.php\/s\/4CHgtZwfDGZCGtc\">Ver archivo<\/a><\/td><td class=\"column-5\"><\/td>\n<\/tr>\n<tr class=\"row-3\">\n\t<td class=\"column-1\">2025<\/td><td class=\"column-2\">Ejercicio Fiscal<\/td><td class=\"column-3\">Plan de Rendici\u00f3n de Cuentas al Ciudadano<\/td><td class=\"column-4\"><a href=\"https:\/\/arai.muvh.gov.py\/index.php\/s\/4EaBAMqbeBpMBqR\">Ver archivo<\/a><\/td><td class=\"column-5\"><\/td>\n<\/tr>\n<tr class=\"row-4\">\n\t<td class=\"column-1\">2025<\/td><td class=\"column-2\">Ejercicio Fiscal<\/td><td class=\"column-3\">Primer Informe Parcial (Periodo enero \u2013 marzo)<\/td><td class=\"column-4\"><a href=\"https:\/\/arai.muvh.gov.py\/index.php\/s\/ZbmWi2mNFzZp753\">Ver archivo<\/a><\/td><td class=\"column-5\"><a href=\"https:\/\/arai.muvh.gov.py\/index.php\/s\/78CyNgrJPigQWAF\">Ver archivo<\/a><\/td>\n<\/tr>\n<tr class=\"row-5\">\n\t<td class=\"column-1\">2025<\/td><td class=\"column-2\">Ejercicio Fiscal<\/td><td class=\"column-3\">Segundo Informe Parcial (Periodo abril \u2013 junio)<\/td><td class=\"column-4\"><a href=\"https:\/\/arai.muvh.gov.py\/index.php\/s\/BJwLTceHxSWc3dc\">Ver archivo<\/a><\/td><td class=\"column-5\"><a href=\"https:\/\/arai.muvh.gov.py\/index.php\/s\/NdweexxJH4wwMKm\">Ver archivo<\/a><\/td>\n<\/tr>\n<tr class=\"row-6\">\n\t<td class=\"column-1\">2025<\/td><td class=\"column-2\">Ejercicio Fiscal<\/td><td class=\"column-3\">Tercer Informe Parcial (Periodo Jul \u2013 Set)<\/td><td class=\"column-4\"><a href=\"https:\/\/arai.muvh.gov.py\/index.php\/s\/XAqAYNN8ocJ37oS\">Ver archivo<\/a><\/td><td class=\"column-5\"><a href=\"https:\/\/arai.muvh.gov.py\/index.php\/s\/GKxw2Pbp3enMDjs\">Ver archivo<\/a><\/td>\n<\/tr>\n<tr class=\"row-7\">\n\t<td class=\"column-1\">2025<\/td><td class=\"column-2\">Ejercicio Fiscal<\/td><td class=\"column-3\">Informe Final Periodo Enero a Diciembre<\/td><td class=\"column-4\"><a href=\"https:\/\/arai.muvh.gov.py\/index.php\/s\/RNKHYSeQCZeNEMZ\">Ver archivo<\/a><\/td><td class=\"column-5\"><a href=\"https:\/\/arai.muvh.gov.py\/index.php\/s\/z55n29oomw63wMi\">Ver archivo<\/a><\/td>\n<\/tr>\n<tr class=\"row-8\">\n\t<td class=\"column-1\">2025<\/td><td class=\"column-2\">Evidencias<\/td><td class=\"column-3\">Documentos respaldatorios y evidencias<\/td><td class=\"column-4\"><a href=\"https:\/\/arai.muvh.gov.py\/index.php\/s\/Yk8jJQwfqK9ZNic\">Ver archivo<\/a><\/td><td class=\"column-5\"><\/td>\n<\/tr>\n<\/tbody>\n<\/table>\n<!-- #tablepress-145 from cache --><br \/>\n\n<table id=\"tablepress-133\" class=\"tablepress tablepress-id-133\">\n<thead>\n<tr class=\"row-1\">\n\t<th class=\"column-1\">A\u00f1o <\/th><th class=\"column-2\">Documento<\/th><th class=\"column-3\">Descripcion<\/th><th class=\"column-4\">Ver Formato PDF<\/th><th class=\"column-5\">Ver Formato Editable <\/th>\n<\/tr>\n<\/thead>\n<tbody class=\"row-striping row-hover\">\n<tr class=\"row-2\">\n\t<td class=\"column-1\">2024<\/td><td class=\"column-2\">Ejercicio Fiscal<\/td><td class=\"column-3\">Conformacion de CRCC<\/td><td class=\"column-4\"><a href=\"https:\/\/arai.muvh.gov.py\/index.php\/s\/zG2Rnyq23rDZgjp\" rel=\"noopener\" target=\"_blank\">Ver<\/a><\/td><td class=\"column-5\"><\/td>\n<\/tr>\n<tr class=\"row-3\">\n\t<td class=\"column-1\">2024<\/td><td class=\"column-2\">Ejercicio Fiscal<\/td><td class=\"column-3\">Plan de Rendici\u00f3n de Cuentas al Ciudadano<\/td><td class=\"column-4\"><a href=\"https:\/\/arai.muvh.gov.py\/index.php\/s\/n6ieRWQagcJsroB\" rel=\"noopener\" target=\"_blank\">Ver archivo<\/a><\/td><td class=\"column-5\"><\/td>\n<\/tr>\n<tr class=\"row-4\">\n\t<td class=\"column-1\">2024<\/td><td class=\"column-2\">Ejercicio Fiscal<\/td><td class=\"column-3\">Primer Informe Parcial (Periodo enero \u2013 marzo)<\/td><td class=\"column-4\"><a href=\"https:\/\/arai.muvh.gov.py\/index.php\/s\/kcQKobdpp86t8sM\" rel=\"noopener\" target=\"_blank\">Ver archivo<\/a><\/td><td class=\"column-5\"><a href=\"https:\/\/arai.muvh.gov.py\/index.php\/s\/wcb3ojprqYTjAaZ\" rel=\"noopener\" target=\"_blank\">Ver archivo<\/a><\/td>\n<\/tr>\n<tr class=\"row-5\">\n\t<td class=\"column-1\">2024<\/td><td class=\"column-2\">Ejercicio Fiscal<\/td><td class=\"column-3\">Segundo Informe Parcial (Periodo abril \u2013 junio)<\/td><td class=\"column-4\"><a href=\"https:\/\/arai.muvh.gov.py\/index.php\/s\/9mrieGWM9K7YLRn\" rel=\"noopener\" target=\"_blank\">Ver archivo<\/a><\/td><td class=\"column-5\"><a href=\"https:\/\/arai.muvh.gov.py\/index.php\/s\/XQaYo7QxcTC347M\" rel=\"noopener\" target=\"_blank\">Ver archivo<\/a><\/td>\n<\/tr>\n<tr class=\"row-6\">\n\t<td class=\"column-1\">2024<\/td><td class=\"column-2\">Ejercicio Fiscal<\/td><td class=\"column-3\">Tercer Informe Parcial (Periodo Jul \u2013 Set)<\/td><td class=\"column-4\"><a href=\"https:\/\/arai.muvh.gov.py\/index.php\/s\/Qr3sojCKomoEysT\">Ver archivo<\/a><\/td><td class=\"column-5\"><a href=\"https:\/\/arai.muvh.gov.py\/index.php\/s\/xADLergpagjNnQD\">Ver archivo<\/a><\/td>\n<\/tr>\n<tr class=\"row-7\">\n\t<td class=\"column-1\">2024<\/td><td class=\"column-2\">Ejercicio Fiscal<\/td><td class=\"column-3\">Informe Final Periodo Enero a Diciembre<\/td><td class=\"column-4\"><a href=\"https:\/\/arai.muvh.gov.py\/index.php\/s\/FGfoRxEfBi8EniA\">Ver archivo<\/a><\/td><td class=\"column-5\"><a href=\"https:\/\/arai.muvh.gov.py\/index.php\/s\/SRXyAbXaSFYMMyy\">Ver archivo<\/a><\/td>\n<\/tr>\n<tr class=\"row-8\">\n\t<td class=\"column-1\">2024<\/td><td class=\"column-2\">Informe Final<\/td><td class=\"column-3\">Documentos respaldatorios y evidencias<\/td><td class=\"column-4\"><a href=\"https:\/\/arai.muvh.gov.py\/index.php\/s\/cyESayzADCknBew\" rel=\"noopener\" target=\"_blank\">Ver archivo<\/a><\/td><td class=\"column-5\"><\/td>\n<\/tr>\n<\/tbody>\n<\/table>\n<!-- #tablepress-133 from cache --><\/p>\n\n<table id=\"tablepress-106\" class=\"tablepress tablepress-id-106\">\n<thead>\n<tr class=\"row-1\">\n\t<th class=\"column-1\">A\u00f1o<\/th><th class=\"column-2\">Documento<\/th><th class=\"column-3\">Descripcion<\/th><th class=\"column-4\">Ver Formato PDF<\/th><th class=\"column-5\">Ver Formato Editable<\/th>\n<\/tr>\n<\/thead>\n<tbody class=\"row-striping row-hover\">\n<tr class=\"row-2\">\n\t<td class=\"column-1\">2023<\/td><td class=\"column-2\">Ejercicio Fiscal<\/td><td class=\"column-3\">Conformacion de CRCC<\/td><td class=\"column-4\"><a href=\"https:\/\/arai.muvh.gov.py\/index.php\/s\/eB8xXx6Y4XSoeBz\">Ver <\/a><\/td><td class=\"column-5\"><\/td>\n<\/tr>\n<tr class=\"row-3\">\n\t<td class=\"column-1\">2023<\/td><td class=\"column-2\">Ejercicio Fiscal<\/td><td class=\"column-3\">Plan de Rendici\u00f3n de Cuentas al Ciudadano<\/td><td class=\"column-4\"><a href=\"https:\/\/arai.muvh.gov.py\/index.php\/s\/X8eKAfRKiYncdQK\">Ver <\/a><\/td><td class=\"column-5\"><\/td>\n<\/tr>\n<tr class=\"row-4\">\n\t<td class=\"column-1\">2023<\/td><td class=\"column-2\">Ejercicio Fiscal<\/td><td class=\"column-3\">Primer Informe Parcial (Periodo enero \u2013 marzo)<\/td><td class=\"column-4\"><a href=\"https:\/\/arai.muvh.gov.py\/index.php\/s\/FoPcdGCHci3jBq3\">Ver Archivo<\/a><\/td><td class=\"column-5\"><a href=\"https:\/\/arai.muvh.gov.py\/index.php\/s\/ZzLZRX8LGQd4joT\">Ver Formato Editable <\/a><\/td>\n<\/tr>\n<tr class=\"row-5\">\n\t<td class=\"column-1\">2023<\/td><td class=\"column-2\">Ejercicio Fiscal<\/td><td class=\"column-3\">Segundo Informe Parcial (Periodo  abril \u2013 junio)<\/td><td class=\"column-4\"><a href=\"https:\/\/arai.muvh.gov.py\/index.php\/s\/JXkzr9q4z4nQFmL\">Ver Archivo<\/a><\/td><td class=\"column-5\"><a href=\"https:\/\/arai.muvh.gov.py\/index.php\/s\/jzgiYx5wbJdcegA\">Ver Formato Editable <\/a><\/td>\n<\/tr>\n<tr class=\"row-6\">\n\t<td class=\"column-1\">2023<\/td><td class=\"column-2\">Ejercicio Fiscal<\/td><td class=\"column-3\">Tercer Informe Parcial (Periodo  Jul \u2013 Set)<\/td><td class=\"column-4\"><a href=\"https:\/\/arai.muvh.gov.py\/index.php\/s\/msS69e37LQSrEpR\">Ver Archivo<\/a><\/td><td class=\"column-5\"><a href=\"https:\/\/arai.muvh.gov.py\/index.php\/s\/NesSNMc9RGBd9HP\">Ver Formato Editable <\/a><\/td>\n<\/tr>\n<tr class=\"row-7\">\n\t<td class=\"column-1\">2023<\/td><td class=\"column-2\">Ejercicio Fiscal<\/td><td class=\"column-3\">Informe Final Periodo Enero a Diciembre<\/td><td class=\"column-4\"><a href=\"https:\/\/arai.muvh.gov.py\/index.php\/s\/BNCAf2gb26HDQ6K\">Ver Archivo<\/a><\/td><td class=\"column-5\"><a href=\"https:\/\/arai.muvh.gov.py\/index.php\/s\/fS6bDEEtHY8DqKi\">Ver Formato Editable <\/a><\/td>\n<\/tr>\n<tr class=\"row-8\">\n\t<td class=\"column-1\">2023<\/td><td class=\"column-2\">Informe Final <\/td><td class=\"column-3\">Documentos respaldatorios y evidencias<\/td><td class=\"column-4\"><a href=\"https:\/\/arai.muvh.gov.py\/index.php\/s\/5gpRjDeHgkx3zgZ\">Ver Archivo<\/a><\/td><td class=\"column-5\"><a href=\"https:\/\/arai.muvh.gov.py\/index.php\/s\/5gpRjDeHgkx3zgZ\">Ver Formato Editable <\/a><\/td>\n<\/tr>\n<\/tbody>\n<\/table>\n<!-- #tablepress-106 from cache -->\n\n<table id=\"tablepress-83\" class=\"tablepress tablepress-id-83\">\n<thead>\n<tr class=\"row-1\">\n\t<th class=\"column-1\">A\u00f1o<\/th><th class=\"column-2\">Documento<\/th><th class=\"column-3\">Descripcion<\/th><th class=\"column-4\">Ver Formato PDF<\/th><th class=\"column-5\">Ver Formato Editable<\/th>\n<\/tr>\n<\/thead>\n<tbody class=\"row-striping row-hover\">\n<tr class=\"row-2\">\n\t<td class=\"column-1\">2022<\/td><td class=\"column-2\">Ejercicio Fiscal<\/td><td class=\"column-3\">Conformacion de CRCC<\/td><td class=\"column-4\"><a href=\"https:\/\/www.muvh.gov.py\/transparencia\/\/wp-content\/uploads\/sites\/3\/2022\/03\/Resolucion-N\u00b0-259-del-16-de-Febrero-de-2022.pdf\" rel=\"noopener\" target=\"_blank\">Ver archivo<\/a><\/td><td class=\"column-5\"><\/td>\n<\/tr>\n<tr class=\"row-3\">\n\t<td class=\"column-1\">2022<\/td><td class=\"column-2\">Ejercicio Fiscal<\/td><td class=\"column-3\">Plan de Rendici\u00f3n de Cuentas al Ciudadano<\/td><td class=\"column-4\"><a href=\"https:\/\/www.muvh.gov.py\/transparencia\/\/wp-content\/uploads\/sites\/3\/2022\/03\/Res-379-22.pdf\" rel=\"noopener\" target=\"_blank\">Ver archivo<\/a><\/td><td class=\"column-5\"><\/td>\n<\/tr>\n<tr class=\"row-4\">\n\t<td class=\"column-1\">2022<\/td><td class=\"column-2\">Ejercicio Fiscal<\/td><td class=\"column-3\">Primer Informe Parcial (Periodo enero \u2013 marzo)<\/td><td class=\"column-4\"><a href=\"https:\/\/www.muvh.gov.py\/transparencia\/\/wp-content\/uploads\/sites\/3\/2022\/04\/Primer-Informe-Parcial-enero-marzo-2022.pdf\" rel=\"noopener\" target=\"_blank\">Ver archivo<\/a><\/td><td class=\"column-5\"><a href=\"https:\/\/www.muvh.gov.py\/transparencia\/\/wp-content\/uploads\/sites\/3\/2022\/04\/Primer-Informe-Parcial-enero-marzo-2022-2.xlsx\" rel=\"noopener\" target=\"_blank\">Ver archivo<\/a><\/td>\n<\/tr>\n<tr class=\"row-5\">\n\t<td class=\"column-1\">2022<\/td><td class=\"column-2\">Ejercicio Fiscal<\/td><td class=\"column-3\">Segundo Informe Parcial (Periodo  abril \u2013 junio)<\/td><td class=\"column-4\"><\/td><td class=\"column-5\"><a href=\"https:\/\/www.muvh.gov.py\/transparencia\/\/wp-content\/uploads\/sites\/3\/2022\/08\/Segundo-Informe-Parcial-abril-junio-2022.xlsx\" rel=\"noopener\" target=\"_blank\">Ver archivo<\/a><\/td>\n<\/tr>\n<tr class=\"row-6\">\n\t<td class=\"column-1\">2022<\/td><td class=\"column-2\">Ejercicio Fiscal<\/td><td class=\"column-3\">Tercer Informe Parcial (Periodo  Jul \u2013 Set)<\/td><td class=\"column-4\"><a href=\"https:\/\/www.muvh.gov.py\/transparencia\/\/wp-content\/uploads\/sites\/3\/2022\/10\/Tercer-Informe-JUL-a-SET-2022.pdf\" rel=\"noopener\" target=\"_blank\">Ver archivo<\/a><\/td><td class=\"column-5\"><a href=\"https:\/\/www.muvh.gov.py\/transparencia\/\/wp-content\/uploads\/sites\/3\/2022\/10\/Tercer-Informe-JUL-a-SET-2022.xlsx\" rel=\"noopener\" target=\"_blank\">Ver archivo<\/a><\/td>\n<\/tr>\n<tr class=\"row-7\">\n\t<td class=\"column-1\">2022<\/td><td class=\"column-2\">Ejercicio Fiscal<\/td><td class=\"column-3\">Informe Final Periodo Enero a Diciembre<\/td><td class=\"column-4\"><a href=\"https:\/\/arai.muvh.gov.py\/index.php\/s\/TeWrLnWdCzgWRNY\">Ver archivo<\/a><\/td><td class=\"column-5\"><a href=\"https:\/\/arai.muvh.gov.py\/index.php\/s\/DTtgfKcwoboR7bG\">Ver archivo<\/a><\/td>\n<\/tr>\n<\/tbody>\n<\/table>\n<!-- #tablepress-83 from cache -->\n\n<table id=\"tablepress-69\" class=\"tablepress tablepress-id-69\">\n<thead>\n<tr class=\"row-1\">\n\t<th class=\"column-1\">A\u00f1o<\/th><th class=\"column-2\">Documentos<\/th><th class=\"column-3\">Descripci\u00f3n <\/th><th class=\"column-4\">Ver Formato PDF<\/th><th class=\"column-5\">Ver Formato Editable<\/th>\n<\/tr>\n<\/thead>\n<tbody class=\"row-striping row-hover\">\n<tr class=\"row-2\">\n\t<td class=\"column-1\">2021<\/td><td class=\"column-2\">Ejercicio Fiscal<\/td><td class=\"column-3\">Conformaci\u00f3n del CRCC<\/td><td class=\"column-4\"><a href=\"https:\/\/arai.muvh.gov.py\/index.php\/s\/9ZefMJb6545mjZk\">Descargar Archivo<\/a><\/td><td class=\"column-5\"><\/td>\n<\/tr>\n<tr class=\"row-3\">\n\t<td class=\"column-1\">2021<\/td><td class=\"column-2\">Ejercicio Fiscal<\/td><td class=\"column-3\">Plan de Rendici\u00f3n de Cuentas al Ciudadano<\/td><td class=\"column-4\"><a href=\"https:\/\/arai.muvh.gov.py\/index.php\/s\/QTEw6q8s534C6EA\">Descargar Archivo<\/a><\/td><td class=\"column-5\"><\/td>\n<\/tr>\n<tr class=\"row-4\">\n\t<td class=\"column-1\">2021<\/td><td class=\"column-2\">Ejercicio Fiscal<\/td><td class=\"column-3\">Primer Informe Parcial (Periodo enero \u2013 marzo)<\/td><td class=\"column-4\"><a href=\"https:\/\/arai.muvh.gov.py\/index.php\/s\/EQmJw52DYX3LXPC\">Descargar Archivo<\/a><\/td><td class=\"column-5\"><a href=\"https:\/\/arai.muvh.gov.py\/index.php\/s\/4A7CWH277jSiwAp\">Descargar Archivo<\/a><\/td>\n<\/tr>\n<tr class=\"row-5\">\n\t<td class=\"column-1\">2021<\/td><td class=\"column-2\">Ejercicio Fiscal<\/td><td class=\"column-3\">Segundo Informe Parcial (Periodo abril\u2013 junio)<\/td><td class=\"column-4\"><a href=\"https:\/\/arai.muvh.gov.py\/index.php\/s\/ZwQH85aP9SxGrTt\" rel=\"noopener\" target=\"_blank\">Descargar Archivo<\/a><\/td><td class=\"column-5\"><a href=\"https:\/\/arai.muvh.gov.py\/index.php\/s\/fQLN9FNpSZJpt2x\" rel=\"noopener\" target=\"_blank\">Descargar Archivo<\/a><\/td>\n<\/tr>\n<tr class=\"row-6\">\n\t<td class=\"column-1\">2021<\/td><td class=\"column-2\">Ejercicio Fiscal<\/td><td class=\"column-3\">Tercer Informe Parcial (Periodo julio \u2013 setiembre)<\/td><td class=\"column-4\"><a href=\"https:\/\/www.muvh.gov.py\/transparencia\/\/wp-content\/uploads\/sites\/3\/2021\/10\/Tercer-Informe-Parcial-enero-setiembre-2021.pdf\" rel=\"noopener\" target=\"_blank\">Descargar Archivo<\/a><\/td><td class=\"column-5\"><a href=\"https:\/\/www.muvh.gov.py\/transparencia\/\/wp-content\/uploads\/sites\/3\/2021\/10\/Tercer-Informe-Parcial-enero-setiembre-2021.xlsx\" rel=\"noopener\" target=\"_blank\">Descargar Archivo<\/a><\/td>\n<\/tr>\n<tr class=\"row-7\">\n\t<td class=\"column-1\">2021<\/td><td class=\"column-2\">Ejercicio Fiscal<\/td><td class=\"column-3\">Informe Final (Periodo Enero - Diciembre)<\/td><td class=\"column-4\"><a href=\"https:\/\/www.muvh.gov.py\/transparencia\/\/wp-content\/uploads\/sites\/3\/2022\/01\/Informe-Final-de-Rendicion-de-Cuentas-2021.pdf\" rel=\"noopener\" target=\"_blank\">Descargar Archivo<\/a><\/td><td class=\"column-5\"><a href=\"https:\/\/www.muvh.gov.py\/transparencia\/\/wp-content\/uploads\/sites\/3\/2022\/01\/Informe-Final-enero-diciembre-2021.xlsx\" rel=\"noopener\" target=\"_blank\">Descargar Archivo  <\/a><\/td>\n<\/tr>\n<\/tbody>\n<\/table>\n<!-- #tablepress-69 from cache -->\n\n<table id=\"tablepress-65\" class=\"tablepress tablepress-id-65\">\n<thead>\n<tr class=\"row-1\">\n\t<th class=\"column-1\">A\u00f1o<\/th><th class=\"column-2\">Documentos<\/th><th class=\"column-3\">Descripci\u00f3n <\/th><th class=\"column-4\">Ver Formato PDF<\/th><th class=\"column-5\">Ver Formato Editable<\/th>\n<\/tr>\n<\/thead>\n<tbody class=\"row-striping row-hover\">\n<tr class=\"row-2\">\n\t<td class=\"column-1\">2020<\/td><td class=\"column-2\">Ejercicio Fiscal<\/td><td class=\"column-3\">Conformaci\u00f3n del CRCC<\/td><td class=\"column-4\"><a href=\"https:\/\/arai.muvh.gov.py\/index.php\/s\/mHktcJ2EzGnMXTq\">Ver<\/a><\/td><td class=\"column-5\"><\/td>\n<\/tr>\n<tr class=\"row-3\">\n\t<td class=\"column-1\">2020<\/td><td class=\"column-2\">Ejercicio Fiscal<\/td><td class=\"column-3\">Plan de Rendici\u00f3n de Cuentas al Ciudadano<\/td><td class=\"column-4\"><a href=\"https:\/\/arai.muvh.gov.py\/index.php\/s\/r3JbzZwPDiratzJ\">Ver<\/a><\/td><td class=\"column-5\"><\/td>\n<\/tr>\n<tr class=\"row-4\">\n\t<td class=\"column-1\">2020<\/td><td class=\"column-2\">Ejercicio Fiscal<\/td><td class=\"column-3\">Primer Informe Parcial (Periodo enero \u2013 junio)<\/td><td class=\"column-4\"><a href=\"https:\/\/arai.muvh.gov.py\/index.php\/s\/kxgjqZn2f8KK3GW\">Ver<\/a><\/td><td class=\"column-5\"><a href=\"https:\/\/arai.muvh.gov.py\/index.php\/s\/sBsDxWK2rfHkxw2\">Ver<\/a><\/td>\n<\/tr>\n<tr class=\"row-5\">\n\t<td class=\"column-1\">2020<\/td><td class=\"column-2\">Ejercicio Fiscal<\/td><td class=\"column-3\">Segundo Informe Parcial (Periodo mayo \u2013 agosto)<\/td><td class=\"column-4\"><a href=\"https:\/\/arai.muvh.gov.py\/index.php\/s\/62gpoGPniSmHFmJ\">Ver<\/a><\/td><td class=\"column-5\"><a href=\"https:\/\/arai.muvh.gov.py\/index.php\/s\/374WM2rHgm4faeK\">Ver<\/a><\/td>\n<\/tr>\n<tr class=\"row-6\">\n\t<td class=\"column-1\">2020<\/td><td class=\"column-2\">Ejercicio Fiscal<\/td><td class=\"column-3\">Informe Final (Periodo enero - diciembre)<\/td><td class=\"column-4\"><a href=\"https:\/\/arai.muvh.gov.py\/index.php\/s\/6ZNjyZLDnygbyna>Ver<\/a><\/td><td class=\"column-5\"><a href=\"https:\/\/arai.muvh.gov.py\/index.php\/s\/d5PycFE2yB5iFA8\">Ver<\/a><\/td>\n<\/tr>\n<tr class=\"row-7\">\n\t<td class=\"column-1\">2020<\/td><td class=\"column-2\">Ejercicio Fiscal<\/td><td class=\"column-3\">Evidencias de Informe Final<\/td><td class=\"column-4\"><a href=\"https:\/\/www.muvh.gov.py\/transparencia\/\/evidencias-de-rdc\/\">Ver<\/a><\/td><td class=\"column-5\"><\/td>\n<\/tr>\n<tr class=\"row-8\">\n\t<td class=\"column-1\">2020<\/td><td class=\"column-2\">Ejercicio Fiscal<\/td><td class=\"column-3\">Memoria de RCC 2020<\/td><td class=\"column-4\"><a href=\"https:\/\/arai.muvh.gov.py\/index.php\/s\/bzcyQcSowMXJyFC\">Ver<\/a><\/td><td class=\"column-5\"><a href=\"https:\/\/arai.muvh.gov.py\/index.php\/s\/FkR4HEqt6iifXns\">Ver<\/a><\/td>\n<\/tr>\n<\/tbody>\n<\/table>\n<!-- #tablepress-65 from cache -->\n<p><a href=\"https:\/\/www.muvh.gov.py\/transparencia\/\/nuestra-gestion-covid-19\/\"><strong>NUESTRA GESTI\u00d3N COVID -19 <\/strong><\/a><\/p>\n","protected":false},"excerpt":{"rendered":"<p>El nuevo modelo de rendici\u00f3n de cuentas se desarrolla en base a la metodolog\u00eda establecida en el&#8230;<\/p>\n","protected":false},"author":1,"featured_media":0,"parent":0,"menu_order":0,"comment_status":"closed","ping_status":"closed","template":"","meta":{"footnotes":""},"class_list":["post-23592","page","type-page","status-publish","hentry"],"_links":{"self":[{"href":"https:\/\/www.muvh.gov.py\/transparencia\/wp-json\/wp\/v2\/pages\/23592","targetHints":{"allow":["GET"]}}],"collection":[{"href":"https:\/\/www.muvh.gov.py\/transparencia\/wp-json\/wp\/v2\/pages"}],"about":[{"href":"https:\/\/www.muvh.gov.py\/transparencia\/wp-json\/wp\/v2\/types\/page"}],"author":[{"embeddable":true,"href":"https:\/\/www.muvh.gov.py\/transparencia\/wp-json\/wp\/v2\/users\/1"}],"replies":[{"embeddable":true,"href":"https:\/\/www.muvh.gov.py\/transparencia\/wp-json\/wp\/v2\/comments?post=23592"}],"version-history":[{"count":20,"href":"https:\/\/www.muvh.gov.py\/transparencia\/wp-json\/wp\/v2\/pages\/23592\/revisions"}],"predecessor-version":[{"id":26242,"href":"https:\/\/www.muvh.gov.py\/transparencia\/wp-json\/wp\/v2\/pages\/23592\/revisions\/26242"}],"wp:attachment":[{"href":"https:\/\/www.muvh.gov.py\/transparencia\/wp-json\/wp\/v2\/media?parent=23592"}],"curies":[{"name":"wp","href":"https:\/\/api.w.org\/{rel}","templated":true}]}}